4 and 3051.
113
What is the greatest common factor of 46 and 667?
23
What is the highest common divisor of 9594 and 41?
41
What is the highest common divisor of 120 and 42?
6
Calculate the highest common divisor of 45 and 435.
15
Calculate the highest common factor of 912 and 96.
48
What is the greatest common factor of 111 and 6?
3
Calculate the highest common divisor of 20 and 76.
4
Calculate the greatest common factor of 6335 and 35.
35
What is the greatest common factor of 684 and 36?
36
Calculate the highest common divisor of 150 and 3675.
75
What is the highest common divisor of 30 and 27?
3
Calculate the greatest common divisor of 35 and 45.
5
What is the greatest common factor of 68 and 221?
17
Calculate the greatest common factor of 23 and 529.
23
What is the highest common factor of 98 and 28?
14
Calculate the greatest common divisor of 35 and 1967.
7
Calculate the greatest common factor of 80 and 592.
16
What is the highest common divisor of 22 and 1331?
11
What is the greatest common factor of 144 and 828?
36
What is the highest common divisor of 119 and 2669?
17
What is the highest common divisor of 106 and 2?
2
What is the highest common factor of 180 and 3?
3
Calculate the greatest common divisor of 684 and 10431.
171
Calculate the highest common divisor of 418 and 14839.
209
Calculate the greatest common factor of 3030 and 240.
30
What is the greatest common factor of 7947 and 9?
9
Calculate the greatest common divisor of 7 and 1652.
7
Calculate the greatest common factor of 639 and 142.
71
What is the greatest common divisor of 488 and 856?
8
What is the greatest common factor of 239 and 5?
1
Calculate the greatest common factor of 6347 and 44.
11
What is the greatest common divisor of 494 and 38?
38
Calculate the highest common factor of 2070 and 126.
18
Calculate the highest common divisor of 480 and 105.
15
What is the greatest common factor of 182 and 104?
26
What is the greatest common divisor of 3628 and 4?
4
What is the greatest common divisor of 6 and 93?
3
What is the greatest common factor of 26 and 182?
26
Calculate the greatest common factor of 72 and 1044.
36
What is the highest common factor of 278 and 5?
1
Calculate the greatest common factor of 94 and 3149.
47
Calculate the highest common divisor of 1748 and 152.
76
Calculate the highest common divisor of 88640 and 32.
32
What is the highest common factor of 27 and 37962?
27
What is the highest common divisor of 676 and 754?
26
What is the highest common divisor of 675 and 275?
25
Calculate the greatest common factor of 1534 and 118.
118
Calculate the highest common divisor of 152 and 114.
38
What is the greatest common factor of 9 and 270?
9
What is the highest common factor of 13705 and 5?
5
Calculate the highest common divisor of 39 and 4953.
39
What is the greatest common divisor of 16210 and 10?
10
What is the highest common factor of 3 and 57?
3
Calculate the greatest common factor of 368 and 1311.
23
Calculate the highest common divisor of 27 and 423.
9
Calculate the highest common factor of 538 and 18023.
269
What is the highest common divisor of 2600 and 140?
20
What is the greatest common factor of 2760 and 10?
10
Calculate the greatest common factor of 8880 and 84.
12
What is the highest common factor of 18 and 7164?
18
What is the greatest common divisor of 16 and 2608?
16
What is the highest common divisor of 91 and 26?
13
Calculate the greatest common divisor of 7488 and 286.
26
Calculate the highest common factor of 374 and 242.
22
Calculate the greatest common factor of 405 and 13995.
45
What is the highest common factor of 3618 and 54?
54
What is the greatest common factor of 253 and 115?
23
What is the greatest common divisor of 99 and 275?
11
Calculate the greatest common factor of 9 and 45.
9
Calculate the greatest common divisor of 77 and 847.
77
Calculate the highest common factor of 53 and 848.
53
What is the highest common divisor of 35 and 25?
5
Calculate the highest common factor of 5 and 113.
1
What is the highest common divisor of 64 and 4?
4
Calculate the highest common divisor of 16 and 496.
16
Calculate the highest common divisor of 5922 and 168.
42
What is the highest common factor of 287 and 14?
7
What is the highest common divisor of 3 and 17?
1
What is the greatest common factor of 84 and 63?
21
Calculate the greatest common divisor of 20 and 3925.
5
What is the highest common divisor of 56 and 504?
56
What is the greatest common factor of 82 and 9553?
41
What is the greatest common divisor of 93 and 9?
3
Calculate the highest common divisor of 78 and 1638.
78
What is the highest common factor of 5544 and 176?
88
What is the highest common divisor of 2160 and 1755?
135
What is the highest common factor of 2 and 2?
2
What is the greatest common divisor of 2988 and 162?
18
Calculate the greatest common factor of 128 and 3616.
32
Calculate the highest common divisor of 40 and 2780.
20
What is the greatest common divisor of 28184 and 104?
104
What is the highest common divisor of 14 and 218?
2
What is the highest common factor of 112 and 4676?
28
What is the greatest common divisor of 33 and 231?
33
What is the greatest common divisor of 18 and 192?
6
What is the highest common factor of 25 and 16?
1
Calculate the greatest common divisor of 24 and 54408.
24
Calculate the highest common divisor of 7 and 21.
7
What is the greatest common factor of 6539 and 13?
13
What is the highest common divisor of 1692 and 180?
36
What is the highest common factor of 16659 and 135?
27
Calculate the highest common factor of 28 and 20.
4
Calculate the highest common divisor of 34 and 5.
1
What is the greatest common divisor of 4528 and 32?
16
Calculate the greatest common factor of 54 and 11151.
27
What is the highest common factor of 11440 and 32?
16
Calculate the highest common factor of 3528 and 4.
4
Calculate the highest common divisor of 60 and 27444.
12
Calculate the highest common divisor of 16521 and 6.
3
Calculate the highest common factor of 16957 and 62.
31
What is the highest common factor of 1253 and 179?
179
What is the greatest common factor of 21 and 84?
21
Calculate the highest common divisor of 8 and 184.
8
Calculate the greatest common divisor of 532 and 140.
28
What is the greatest common factor of 1323 and 27?
27
Calculate the greatest common divisor of 3276 and 910.
182
What is the highest common divisor of 516 and 300?
12
Calculate the greatest common factor of 1217 and 1.
1
What is the highest common divisor of 856 and 2033?
107
What is the highest common divisor of 115 and 69?
23
Calculate the greatest common factor of 5239 and 31.
31
Calculate the greatest common factor of 13 and 3250.
13
What is the highest common factor of 1296 and 12?
12
What is the greatest common divisor of 208 and 112?
16
Calculate the greatest common factor of 775 and 31.
31
Calculate the highest common divisor of 55 and 4015.
55
What is the highest common divisor of 116 and 2378?
58
What is the greatest common divisor of 1034 and 47?
47
Calculate the greatest common factor of 147 and 196.
49
What is the highest common divisor of 266 and 28?
14
What is the highest common divisor of 12450 and 100?
50
What is the highest common divisor of 138 and 5474?
46
What is the highest common factor of 231 and 6216?
21
What is the greatest common divisor of 10 and 370?
10
Calculate the highest common divisor of 9977 and 22.
11
Calculate the greatest common factor of 7584 and 80.
16
What is the greatest common divisor of 1458 and 918?
54
Calculate the highest common divisor of 73 and 3139.
73
Calculate the highest common divisor of 66 and 4.
2
Calculate the greatest common divisor of 3645 and 15.
15
Calculate the greatest common divisor of 285 and 475.
95
Calculate the greatest common divisor of 10 and 415.
5
Calculate the highest common factor of 98 and 8183.
49
Calculate the highest common factor of 270 and 1755.
135
What is the greatest common divisor of 816 and 128?
16
What is the greatest common divisor of 3670 and 20?
10
Calculate the highest common divisor of 200 and 24.
8
Calculate the greatest common divisor of 85 and 221.
17
Calculate the greatest common divisor of 33 and 8833.
11
What is the greatest common divisor of 19781 and 131?
131
Calculate 